{"id":1240,"date":"2023-06-19T08:31:18","date_gmt":"2023-06-19T06:31:18","guid":{"rendered":"https:\/\/www.grundschule-tettens.de\/wordpress\/?page_id=1240"},"modified":"2024-03-12T16:25:15","modified_gmt":"2024-03-12T15:25:15","slug":"tagesablauf","status":"publish","type":"page","link":"http:\/\/www.grundschule-tettens.de\/wordpress\/schultag\/tagesablauf\/","title":{"rendered":"Tagesablauf"},"content":{"rendered":"\n<figure class=\"wp-block-table\"><table><tbody><tr><td>ab 07.15 h<\/td><td>Wir kommen an &#8211; \u00d6ffnung der Schule<\/td><\/tr><tr><td>7.30 h &#8211; 7.45 h<\/td><td>offener Einstieg<\/td><\/tr><tr><td>7.45 h &#8211; 7.55 h<\/td><td>St\u00e4rkung der Basiskompetenzen <em>Deutsch<\/em><\/td><\/tr><tr><td>7.55 h &#8211; 9.15 h<\/td><td>Rest der ersten und 2. Unterrichtsstunde<\/td><\/tr><tr><td>9.15 h &#8211; 9.30 h<\/td><td>Gemeinsames Fr\u00fchst\u00fcck<\/td><\/tr><tr><td>9.30 h &#8211; 9.55 h<\/td><td><em>gro\u00dfe Pause<\/em><\/td><\/tr><tr><td>9.55 h &#8211; 11.25 h<\/td><td>3. und 4. Unterrichtsstunde<\/td><\/tr><tr><td>11.25 h &#8211; 11.45 h<\/td><td><em>gro\u00dfe Pause<\/em><\/td><\/tr><tr><td>11.45 h &#8211; 12.30 h<\/td><td>Betreuung f\u00fcr die Kinder der Eingangsstufe\n<p>&nbsp;<\/p>\n<p>5. Stunde f\u00fcr die Klassen 3 und 4<\/p>\n<\/td><\/tr><tr><td>12.30 h &#8211; 13.15 h<\/td><td>Mittagessen im Ganztag <em>(Mo. &#8211; Mi.)<\/em>\n<p>&nbsp;<\/p>\n<p>6. Stunde f\u00fcr die Klassen 3 und 4 <em>(donnerstags)<\/em><\/p>\n<\/td><\/tr><tr><td>13.15 h &#8211; 13.30 h<\/td><td>gro\u00dfe Pause im Ganztag <em>(Mo. &#8211; Mi.)<\/em><\/td><\/tr><tr><td>13.30 h &#8211; 14.15 h<\/td><td>Hausaufgabenbetreuung <em>(Mo. &#8211; Mi.)<\/em><\/td><\/tr><tr><td>14.20 h &#8211; 15.20 h<\/td><td>vielf\u00e4ltige AG-Auswahl sowie Unterrichtsende <em>(Mo. &#8211; Mi.)<\/em><\/td><\/tr><\/tbody><\/table><\/figure>\n","protected":false},"excerpt":{"rendered":"<p>ab 07.15 h Wir kommen an &#8211; \u00d6ffnung der Schule 7.30 h &#8211; 7.45 h offener Einstieg 7.45 h &#8211; 7.55 h St\u00e4rkung der Basiskompetenzen Deutsch 7.55 h &#8211; 9.15 h Rest der ersten und 2. Unterrichtsstunde 9.15 h &#8211; 9.30 h Gemeinsames Fr\u00fchst\u00fcck 9.30 h &#8211; 9.55 h gro\u00dfe Pause 9.55 h &#8211; 11.25 &hellip; <\/p>\n<p><a class=\"more-link btn\" href=\"http:\/\/www.grundschule-tettens.de\/wordpress\/schultag\/tagesablauf\/\">Weiterlesen<\/a><\/p>\n","protected":false},"author":9,"featured_media":0,"parent":241,"menu_order":2,"comment_status":"closed","ping_status":"closed","template":"","meta":{"footnotes":""},"class_list":["post-1240","page","type-page","status-publish","hentry","nodate","item-wrap"],"_links":{"self":[{"href":"http:\/\/www.grundschule-tettens.de\/wordpress\/wp-json\/wp\/v2\/pages\/1240","targetHints":{"allow":["GET"]}}],"collection":[{"href":"http:\/\/www.grundschule-tettens.de\/wordpress\/wp-json\/wp\/v2\/pages"}],"about":[{"href":"http:\/\/www.grundschule-tettens.de\/wordpress\/wp-json\/wp\/v2\/types\/page"}],"author":[{"embeddable":true,"href":"http:\/\/www.grundschule-tettens.de\/wordpress\/wp-json\/wp\/v2\/users\/9"}],"replies":[{"embeddable":true,"href":"http:\/\/www.grundschule-tettens.de\/wordpress\/wp-json\/wp\/v2\/comments?post=1240"}],"version-history":[{"count":2,"href":"http:\/\/www.grundschule-tettens.de\/wordpress\/wp-json\/wp\/v2\/pages\/1240\/revisions"}],"predecessor-version":[{"id":1450,"href":"http:\/\/www.grundschule-tettens.de\/wordpress\/wp-json\/wp\/v2\/pages\/1240\/revisions\/1450"}],"up":[{"embeddable":true,"href":"http:\/\/www.grundschule-tettens.de\/wordpress\/wp-json\/wp\/v2\/pages\/241"}],"wp:attachment":[{"href":"http:\/\/www.grundschule-tettens.de\/wordpress\/wp-json\/wp\/v2\/media?parent=1240"}],"curies":[{"name":"wp","href":"https:\/\/api.w.org\/{rel}","templated":true}]}}

<figure class="wp-block-table"><table><tbody><tr><td>ab 07.15 h</td><td>Wir kommen an &#8211; Öffnung der Schule</td></tr><tr><td>7.30 h &#8211; 7.45 h</td><td>offener Einstieg</td></tr><tr><td>7.45 h &#8211; 7.55 h</td><td>Stärkung der Basiskompetenzen <em>Deutsch</em></td></tr><tr><td>7.55 h &#8211; 9.15 h</td><td>Rest der ersten und 2. Unterrichtsstunde</td></tr><tr><td>9.15 h &#8211; 9.30 h</td><td>Gemeinsames Frühstück</td></tr><tr><td>9.30 h &#8211; 9.55 h</td><td><em>große Pause</em></td></tr><tr><td>9.55 h &#8211; 11.25 h</td><td>3. und 4. Unterrichtsstunde</td></tr><tr><td>11.25 h &#8211; 11.45 h</td><td><em>große Pause</em></td></tr><tr><td>11.45 h &#8211; 12.30 h</td><td>Betreuung für die Kinder der Eingangsstufe
<p>&nbsp;</p>
<p>5. Stunde für die Klassen 3 und 4</p>
</td></tr><tr><td>12.30 h &#8211; 13.15 h</td><td>Mittagessen im Ganztag <em>(Mo. &#8211; Mi.)</em>
<p>&nbsp;</p>
<p>6. Stunde für die Klassen 3 und 4 <em>(donnerstags)</em></p>
</td></tr><tr><td>13.15 h &#8211; 13.30 h</td><td>große Pause im Ganztag <em>(Mo. &#8211; Mi.)</em></td></tr><tr><td>13.30 h &#8211; 14.15 h</td><td>Hausaufgabenbetreuung <em>(Mo. &#8211; Mi.)</em></td></tr><tr><td>14.20 h &#8211; 15.20 h</td><td>vielfältige AG-Auswahl sowie Unterrichtsende <em>(Mo. &#8211; Mi.)</em></td></tr></tbody></table></figure>

<p>ab 07.15 h Wir kommen an &#8211; Öffnung der Schule 7.30 h &#8211; 7.45 h offener Einstieg 7.45 h &#8211; 7.55 h Stärkung der Basiskompetenzen Deutsch 7.55 h &#8211; 9.15 h Rest der ersten und 2. Unterrichtsstunde 9.15 h &#8211; 9.30 h Gemeinsames Frühstück 9.30 h &#8211; 9.55 h große Pause 9.55 h &#8211; 11.25 &hellip; </p>
<p><a class="more-link btn" href="http://www.grundschule-tettens.de/wordpress/schultag/tagesablauf/">Weiterlesen</a></p>
