{"id":351,"date":"2017-03-28T15:25:42","date_gmt":"2017-03-28T13:25:42","guid":{"rendered":"http:\/\/grundschule-tettens.de\/wordpress\/?page_id=351"},"modified":"2023-06-19T08:24:14","modified_gmt":"2023-06-19T06:24:14","slug":"bundesfreiwilligendienst","status":"publish","type":"page","link":"http:\/\/www.grundschule-tettens.de\/wordpress\/unsere-schule\/bundesfreiwilligendienst\/","title":{"rendered":"Bundesfreiwilligendienst"},"content":{"rendered":"<h4>Einfach mal etwas Gutes tun &#8230;<\/h4>\n<p><em>geschrieben von Sinja Peschke, 1. Bundesfreiwillige an der Tetta von Oldersum Schule<\/em><\/p>\n<p>Ein Bundesfreiwilligendienst dient als \u00dcberbr\u00fcckungsjahr f\u00fcr Schulabg\u00e4nger oder auch f\u00fcr M\u00e4nner und Frauen, die sich au\u00dferhalb der Schule oder ihres Berufes sozial engagieren wollen. Weitere und genauere Informationen gibt es unter <span style=\"color: #99cc00;\"><a style=\"color: #99cc00;\" href=\"http:\/\/www.bundesfreiwilligendienst.de\/\">www.bundesfreiwilligendienst.de<\/a><span style=\"color: #000000;\">.<\/span><\/span><\/p>\n<p>Auch die Tetta von Oldersum Schule bietet eine solche Stelle an. Die Bundesfreiwilligendienstler k\u00f6nnen sich hier frei entfalten und jede Menge positiver Erfahrungen machen. Die Arbeitszeiten bestehen aus der gesamten Schulwoche inkl. dem Ganztag an drei Tagen in der Woche. In den einzelnen Unterrichtsbl\u00f6cken konnte ich die Lehrer begleiten, selbstst\u00e4ndige Unterst\u00fctzung geben und sorgte daf\u00fcr, dass die Grundsch\u00fcler zum Fr\u00fchst\u00fcck ihr frisches Obst erhielten. Nebenbei hatte ich die M\u00f6glichkeit mich in der Hausaufgabenstunde, sowie in einer AG im Ganztag kreativ und handlungsorientiert einzubringen. Kritik, andere Aufgabenw\u00fcnsche oder Vorstellungen d\u00fcrfen ebenfalls gerne ge\u00e4u\u00dfert werden.<\/p>\n<p>Im gestamten Dienstjahr erwarten den sozial Engagierten viele positive Erfahrungen, tolle, liebevolle und dankbare Kinder, gute Arbeitszeiten und ein super, sympathisches und lustiges Kollegium, sodass eine Wohlf\u00fchlatmosph\u00e4re garantiert ist!<\/p>\n<p><span style=\"color: #99cc00;\"><strong>Du f\u00fchlst Dich angesprochen? Dann bewirb Dich bei uns! <\/strong><\/span><\/p>\n<p><span style=\"color: #99cc00;\"><strong>Wir w\u00fcrden uns sehr \u00fcber Dich freuen!<\/strong><\/span><\/p>\n<p>Ansprechpartnerin:\u00a0 Frau Siuts &#8211; Gemeinde Wangerland<\/p>\n<p>Telefon: 04463 989142<\/p>\n","protected":false},"excerpt":{"rendered":"<p>Einfach mal etwas Gutes tun &#8230; geschrieben von Sinja Peschke, 1. Bundesfreiwillige an der Tetta von Oldersum Schule Ein Bundesfreiwilligendienst dient als \u00dcberbr\u00fcckungsjahr f\u00fcr Schulabg\u00e4nger oder auch f\u00fcr M\u00e4nner und Frauen, die sich au\u00dferhalb der Schule oder ihres Berufes sozial engagieren wollen. Weitere und genauere Informationen gibt es unter www.bundesfreiwilligendienst.de. Auch die Tetta von Oldersum &hellip; <\/p>\n<p><a class=\"more-link btn\" href=\"http:\/\/www.grundschule-tettens.de\/wordpress\/unsere-schule\/bundesfreiwilligendienst\/\">Weiterlesen<\/a><\/p>\n","protected":false},"author":8,"featured_media":0,"parent":1232,"menu_order":11,"comment_status":"closed","ping_status":"closed","template":"","meta":{"footnotes":""},"class_list":["post-351","page","type-page","status-publish","hentry","nodate","item-wrap"],"_links":{"self":[{"href":"http:\/\/www.grundschule-tettens.de\/wordpress\/wp-json\/wp\/v2\/pages\/351","targetHints":{"allow":["GET"]}}],"collection":[{"href":"http:\/\/www.grundschule-tettens.de\/wordpress\/wp-json\/wp\/v2\/pages"}],"about":[{"href":"http:\/\/www.grundschule-tettens.de\/wordpress\/wp-json\/wp\/v2\/types\/page"}],"author":[{"embeddable":true,"href":"http:\/\/www.grundschule-tettens.de\/wordpress\/wp-json\/wp\/v2\/users\/8"}],"replies":[{"embeddable":true,"href":"http:\/\/www.grundschule-tettens.de\/wordpress\/wp-json\/wp\/v2\/comments?post=351"}],"version-history":[{"count":10,"href":"http:\/\/www.grundschule-tettens.de\/wordpress\/wp-json\/wp\/v2\/pages\/351\/revisions"}],"predecessor-version":[{"id":646,"href":"http:\/\/www.grundschule-tettens.de\/wordpress\/wp-json\/wp\/v2\/pages\/351\/revisions\/646"}],"up":[{"embeddable":true,"href":"http:\/\/www.grundschule-tettens.de\/wordpress\/wp-json\/wp\/v2\/pages\/1232"}],"wp:attachment":[{"href":"http:\/\/www.grundschule-tettens.de\/wordpress\/wp-json\/wp\/v2\/media?parent=351"}],"curies":[{"name":"wp","href":"https:\/\/api.w.org\/{rel}","templated":true}]}}

<h4>Einfach mal etwas Gutes tun &#8230;</h4>
<p><em>geschrieben von Sinja Peschke, 1. Bundesfreiwillige an der Tetta von Oldersum Schule</em></p>
<p>Ein Bundesfreiwilligendienst dient als Überbrückungsjahr für Schulabgänger oder auch für Männer und Frauen, die sich außerhalb der Schule oder ihres Berufes sozial engagieren wollen. Weitere und genauere Informationen gibt es unter <span style="color: #99cc00;"><a style="color: #99cc00;" href="http://www.bundesfreiwilligendienst.de/">www.bundesfreiwilligendienst.de</a><span style="color: #000000;">.</span></span></p>
<p>Auch die Tetta von Oldersum Schule bietet eine solche Stelle an. Die Bundesfreiwilligendienstler können sich hier frei entfalten und jede Menge positiver Erfahrungen machen. Die Arbeitszeiten bestehen aus der gesamten Schulwoche inkl. dem Ganztag an drei Tagen in der Woche. In den einzelnen Unterrichtsblöcken konnte ich die Lehrer begleiten, selbstständige Unterstützung geben und sorgte dafür, dass die Grundschüler zum Frühstück ihr frisches Obst erhielten. Nebenbei hatte ich die Möglichkeit mich in der Hausaufgabenstunde, sowie in einer AG im Ganztag kreativ und handlungsorientiert einzubringen. Kritik, andere Aufgabenwünsche oder Vorstellungen dürfen ebenfalls gerne geäußert werden.</p>
<p>Im gestamten Dienstjahr erwarten den sozial Engagierten viele positive Erfahrungen, tolle, liebevolle und dankbare Kinder, gute Arbeitszeiten und ein super, sympathisches und lustiges Kollegium, sodass eine Wohlfühlatmosphäre garantiert ist!</p>
<p><span style="color: #99cc00;"><strong>Du fühlst Dich angesprochen? Dann bewirb Dich bei uns! </strong></span></p>
<p><span style="color: #99cc00;"><strong>Wir würden uns sehr über Dich freuen!</strong></span></p>
<p>Ansprechpartnerin:  Frau Siuts &#8211; Gemeinde Wangerland</p>
<p>Telefon: 04463 989142</p>

<p>Einfach mal etwas Gutes tun &#8230; geschrieben von Sinja Peschke, 1. Bundesfreiwillige an der Tetta von Oldersum Schule Ein Bundesfreiwilligendienst dient als Überbrückungsjahr für Schulabgänger oder auch für Männer und Frauen, die sich außerhalb der Schule oder ihres Berufes sozial engagieren wollen. Weitere und genauere Informationen gibt es unter www.bundesfreiwilligendienst.de. Auch die Tetta von Oldersum &hellip; </p>
<p><a class="more-link btn" href="http://www.grundschule-tettens.de/wordpress/unsere-schule/bundesfreiwilligendienst/">Weiterlesen</a></p>
