{"id":1770,"date":"2025-10-28T16:49:27","date_gmt":"2025-10-28T15:49:27","guid":{"rendered":"https:\/\/www.grundschule-tettens.de\/wordpress\/?page_id=1770"},"modified":"2026-02-18T16:08:10","modified_gmt":"2026-02-18T15:08:10","slug":"kollegium-im-detail","status":"publish","type":"page","link":"https:\/\/www.grundschule-tettens.de\/wordpress\/kollegium-im-detail\/","title":{"rendered":"Kollegium im Detail"},"content":{"rendered":"\n\n\n<figure class=\"wp-block-table is-style-regular\"><table class=\"has-fixed-layout\"><tbody><tr><td>Schulleitung<\/td><td>Hr. Nu\u00dfbaum<\/td><\/tr><tr><td>Lehrerinnen<\/td><td>Fr. Aysche<\/td><\/tr><tr><td><\/td><td>Fr. Doden<\/td><\/tr><tr><td><\/td><td>Fr. Holzenk\u00e4mpfer<\/td><\/tr><tr><td><\/td><td>Fr. Jan\u00dfen<\/td><\/tr><tr><td><\/td><td>Fr. Lindenau<\/td><\/tr><tr><td><\/td><td>Fr. Reisinger<\/td><\/tr><tr><td>F\u00f6rderschullehrerin<\/td><td>Fr. Jan\u00dfen<\/td><\/tr><tr><td>p\u00e4d. Mitarbeiterinnen<\/td><td>Fr. Doden<\/td><\/tr><tr><td><\/td><td>Fr. Fischer-Leier<\/td><\/tr><tr><td><\/td><td>Fr. Schepers<\/td><\/tr><tr><td><\/td><td>Fr. Steinbach<\/td><\/tr><tr><td>BufDi<\/td><td>Fr. Giannone<\/td><\/tr><tr><td><\/td><td>Hr. K\u00f6nig<\/td><\/tr><tr><td>Sekretariat<\/td><td>Fr. Metzler<\/td><\/tr><tr><td>Hausmeister<\/td><td>Hr. Doden<\/td><\/tr><tr><td>f\u00fcr eine saubere Schule sorgen<\/td><td>Fr. Wessel<\/td><\/tr><tr><td><\/td><td><\/td><\/tr><\/tbody><\/table><\/figure>\n","protected":false},"excerpt":{"rendered":"<p>Schulleitung Hr. Nu\u00dfbaum Lehrerinnen Fr. Aysche Fr. Doden Fr. Holzenk\u00e4mpfer Fr. Jan\u00dfen Fr. Lindenau Fr. Reisinger F\u00f6rderschullehrerin Fr. Jan\u00dfen p\u00e4d. Mitarbeiterinnen Fr. Doden Fr. Fischer-Leier Fr. Schepers Fr. Steinbach BufDi Fr. Giannone Hr. K\u00f6nig Sekretariat Fr. Metzler Hausmeister Hr. Doden f\u00fcr eine saubere Schule sorgen Fr. Wessel<\/p>\n","protected":false},"author":4,"featured_media":0,"parent":0,"menu_order":0,"comment_status":"closed","ping_status":"closed","template":"","meta":{"footnotes":""},"class_list":["post-1770","page","type-page","status-publish","hentry","nodate","item-wrap"],"_links":{"self":[{"href":"https:\/\/www.grundschule-tettens.de\/wordpress\/wp-json\/wp\/v2\/pages\/1770","targetHints":{"allow":["GET"]}}],"collection":[{"href":"https:\/\/www.grundschule-tettens.de\/wordpress\/wp-json\/wp\/v2\/pages"}],"about":[{"href":"https:\/\/www.grundschule-tettens.de\/wordpress\/wp-json\/wp\/v2\/types\/page"}],"author":[{"embeddable":true,"href":"https:\/\/www.grundschule-tettens.de\/wordpress\/wp-json\/wp\/v2\/users\/4"}],"replies":[{"embeddable":true,"href":"https:\/\/www.grundschule-tettens.de\/wordpress\/wp-json\/wp\/v2\/comments?post=1770"}],"version-history":[{"count":8,"href":"https:\/\/www.grundschule-tettens.de\/wordpress\/wp-json\/wp\/v2\/pages\/1770\/revisions"}],"predecessor-version":[{"id":1893,"href":"https:\/\/www.grundschule-tettens.de\/wordpress\/wp-json\/wp\/v2\/pages\/1770\/revisions\/1893"}],"wp:attachment":[{"href":"https:\/\/www.grundschule-tettens.de\/wordpress\/wp-json\/wp\/v2\/media?parent=1770"}],"curies":[{"name":"wp","href":"https:\/\/api.w.org\/{rel}","templated":true}]}}