{"id":234,"date":"2017-03-13T12:00:51","date_gmt":"2017-03-13T11:00:51","guid":{"rendered":"http:\/\/grundschule-tettens.de\/wordpress\/?page_id=234"},"modified":"2023-06-19T11:59:27","modified_gmt":"2023-06-19T09:59:27","slug":"kooperationspartner","status":"publish","type":"page","link":"https:\/\/www.grundschule-tettens.de\/wordpress\/unsere-schule\/kooperationspartner\/","title":{"rendered":"Kooperationspartner"},"content":{"rendered":"<h4>&#8230;au\u00dferschulischen Institutionen<\/h4>\n<p><span style=\"color: #008000;\"><span style=\"color: #b0cc00;\">Kirche:<\/span><span style=\"color: #000000;\">\u00a0 Einschulungsgottesdienst, Erntedankfest, w\u00f6chentlicher Besuch der B\u00fccherei, Mitgestaltung der Seniorenweihnachtsfeier (Theater und Chor), Mitgestaltung des Seniorensommerfestes (Theater und Chor)<\/span><\/span><\/p>\n<p><span style=\"color: #000000;\"><span style=\"color: #b0cc00;\">Kindergarten:<\/span> (siehe<a href=\"https:\/\/www.grundschule-tettens.de\/wordpress\/unsere-schule\/brueckenjahr\/\"><span style=\"color: #808080;\"> Br\u00fcckenjahr<\/span><\/a>)<\/span><\/p>\n<p><span style=\"color: #000000;\"><span style=\"color: #b0cc00;\">Hegering:<\/span> Einrichtung eines Schaukastens mit heimischen Wildtieren und entsprechendem Material, angepasst an die Jahreszeit, F\u00fchrungen in Wald und Flur in schulnaher Umgebung<\/span><\/p>\n<p><span style=\"color: #000000;\"><span style=\"color: #b0cc00;\">Landfrauen:<\/span> Enge Zusammenarbeit im Rahmen der Pr\u00e4ventionsarbeit, im Sinne der &#8222;Gesunden Schule&#8220;<\/span><\/p>\n<p><span style=\"color: #000000;\"><span style=\"color: #b0cc00;\">Sportverein:<\/span> Gemeinsam mit dem Sportverein werden Turnger\u00e4te angeschafft. Aktive Fu\u00dfballtrainer begleiten Schulmannschaften bei Turnieren. Vor dem Triathlon berichten erfahrene Triathleten von ihren Wettk\u00e4mpfen und geben den Kindern wertvolle Tipps<\/span><\/p>\n<p><span style=\"color: #000000;\"><span style=\"color: #b0cc00;\">Feuerwehr:<\/span> Gemeinsame Arbeit mit den Kindern im 3.Schuljahr zum Thema Brandbek\u00e4mpfung und Brandverh\u00fctung, Besichtigung eines L\u00f6schfahrzeugs, gemeinsame Durchf\u00fchrung eines Probealarms<\/span><\/p>\n<p><span style=\"color: #b0cc00;\">Polizei:<\/span> Schulwegsicherung (Informationen auf dem 1. Elternabend der 1. Klasse), Puppenb\u00fchne zum Thema Verkehrserziehung , Theaterst\u00fcck zur Gewaltpr\u00e4vention mit Elternveranstaltung, Sicherung der Hauptstra\u00dfe f\u00fcr den Triathlon, Durchf\u00fchrung der Fahrradpr\u00fcfung, Unterrichtsbesuche zum Thema &#8222;Diebstahl&#8220; und &#8222;Verbot des Mitbringens von Waffen&#8220;<\/p>\n<p><span style=\"color: #b0cc00;\">RUZ: <\/span>Au\u00dferschulischer Lernort, Projektpartner (Energiesparkonzept)<\/p>\n<p><span style=\"color: #b0cc00;\">K\u00fcnstlerhaus Hooksiel:<\/span> Regelm\u00e4\u00dfige Kunstaustellung der Kinder im K\u00fcnstlerhaus<\/p>\n<p><span style=\"color: #b0cc00;\">ADAC: <\/span>Verkehrserziehung<\/p>\n<p><span style=\"color: #b0cc00;\">Verkehrsbund Ems-Jade: <\/span>Der Einsteigerbus<\/p>\n<p><span style=\"color: #b0cc00;\">Schloss Jever:<\/span> J\u00e4hrliche Teilnahme an den Veranstaltungen im Schloss<\/p>\n<p><span style=\"color: #b0cc00;\">Stadtb\u00fccherei Schortens:<\/span> Autorenlesungen<\/p>\n","protected":false},"excerpt":{"rendered":"<p>&#8230;au\u00dferschulischen Institutionen Kirche:\u00a0 Einschulungsgottesdienst, Erntedankfest, w\u00f6chentlicher Besuch der B\u00fccherei, Mitgestaltung der Seniorenweihnachtsfeier (Theater und Chor), Mitgestaltung des Seniorensommerfestes (Theater und Chor) Kindergarten: (siehe Br\u00fcckenjahr) Hegering: Einrichtung eines Schaukastens mit heimischen Wildtieren und entsprechendem Material, angepasst an die Jahreszeit, F\u00fchrungen in Wald und Flur in schulnaher Umgebung Landfrauen: Enge Zusammenarbeit im Rahmen der Pr\u00e4ventionsarbeit, im Sinne &hellip; <\/p>\n<p><a class=\"more-link btn\" href=\"https:\/\/www.grundschule-tettens.de\/wordpress\/unsere-schule\/kooperationspartner\/\">Weiterlesen<\/a><\/p>\n","protected":false},"author":8,"featured_media":0,"parent":1232,"menu_order":9,"comment_status":"closed","ping_status":"closed","template":"","meta":{"footnotes":""},"class_list":["post-234","page","type-page","status-publish","hentry","nodate","item-wrap"],"_links":{"self":[{"href":"https:\/\/www.grundschule-tettens.de\/wordpress\/wp-json\/wp\/v2\/pages\/234","targetHints":{"allow":["GET"]}}],"collection":[{"href":"https:\/\/www.grundschule-tettens.de\/wordpress\/wp-json\/wp\/v2\/pages"}],"about":[{"href":"https:\/\/www.grundschule-tettens.de\/wordpress\/wp-json\/wp\/v2\/types\/page"}],"author":[{"embeddable":true,"href":"https:\/\/www.grundschule-tettens.de\/wordpress\/wp-json\/wp\/v2\/users\/8"}],"replies":[{"embeddable":true,"href":"https:\/\/www.grundschule-tettens.de\/wordpress\/wp-json\/wp\/v2\/comments?post=234"}],"version-history":[{"count":6,"href":"https:\/\/www.grundschule-tettens.de\/wordpress\/wp-json\/wp\/v2\/pages\/234\/revisions"}],"predecessor-version":[{"id":1290,"href":"https:\/\/www.grundschule-tettens.de\/wordpress\/wp-json\/wp\/v2\/pages\/234\/revisions\/1290"}],"up":[{"embeddable":true,"href":"https:\/\/www.grundschule-tettens.de\/wordpress\/wp-json\/wp\/v2\/pages\/1232"}],"wp:attachment":[{"href":"https:\/\/www.grundschule-tettens.de\/wordpress\/wp-json\/wp\/v2\/media?parent=234"}],"curies":[{"name":"wp","href":"https:\/\/api.w.org\/{rel}","templated":true}]}}